[INFO] cloning repository https://github.com/devigned/rust-key-vault
[INFO] running `Command { std: "git" "-c" "credential.helper=" "-c" "credential.helper=/workspace/cargo-home/bin/git-credential-null" "clone" "--bare" "https://github.com/devigned/rust-key-vault" "/workspace/cache/git-repos/https%3A%2F%2Fgithub.com%2Fdevigned%2Frust-key-vault", kill_on_drop: false }`
[INFO] [stderr] Cloning into bare repository '/workspace/cache/git-repos/https%3A%2F%2Fgithub.com%2Fdevigned%2Frust-key-vault'...
[INFO] running `Command { std: "git" "rev-parse" "HEAD", kill_on_drop: false }`
[INFO] [stdout] 7b64715089bf998250b86524c0354609cf2360e5
[INFO] checking devigned/rust-key-vault against try#72f88fc4e9458f89516a0b8b0868f3718aec5b47 for pr-74989
[INFO] running `Command { std: "git" "clone" "/workspace/cache/git-repos/https%3A%2F%2Fgithub.com%2Fdevigned%2Frust-key-vault" "/workspace/builds/worker-9/source", kill_on_drop: false }`
[INFO] [stderr] Cloning into '/workspace/builds/worker-9/source'...
[INFO] [stderr] done.
[INFO] validating manifest of git repo https://github.com/devigned/rust-key-vault on toolchain 72f88fc4e9458f89516a0b8b0868f3718aec5b47
[INFO] running `Command { std: "/workspace/cargo-home/bin/cargo" "+72f88fc4e9458f89516a0b8b0868f3718aec5b47" "read-manifest" "--manifest-path" "Cargo.toml", kill_on_drop: false }`
[INFO] started tweaking git repo https://github.com/devigned/rust-key-vault
[INFO] removed 0 missing tests
[INFO] finished tweaking git repo https://github.com/devigned/rust-key-vault
[INFO] tweaked toml for git repo https://github.com/devigned/rust-key-vault written to /workspace/builds/worker-9/source/Cargo.toml
[INFO] crate git repo https://github.com/devigned/rust-key-vault already has a lockfile, it will not be regenerated
[INFO] running `Command { std: "/workspace/cargo-home/bin/cargo" "+72f88fc4e9458f89516a0b8b0868f3718aec5b47" "fetch" "--locked" "--manifest-path" "Cargo.toml", kill_on_drop: false }`
[INFO] [stderr] warning: An explicit [[test]] section is specified in Cargo.toml which currently
[INFO] [stderr] disables Cargo from automatically inferring other test targets.
[INFO] [stderr] This inference behavior will change in the Rust 2018 edition and the following
[INFO] [stderr] files will be included as a test target:
[INFO] [stderr] 
[INFO] [stderr] * /workspace/builds/worker-9/source/tests/test_vault.rs
[INFO] [stderr] 
[INFO] [stderr] This is likely to break cargo build or cargo test as these files may not be
[INFO] [stderr] ready to be compiled as a test target today. You can future-proof yourself
[INFO] [stderr] and disable this warning by adding `autotests = false` to your [package]
[INFO] [stderr] section. You may also move the files to a location where Cargo would not
[INFO] [stderr] automatically infer them to be a target, such as in subfolders.
[INFO] [stderr] 
[INFO] [stderr] For more information on this warning you can consult
[INFO] [stderr] https://github.com/rust-lang/cargo/issues/5330
[INFO] [stderr] warning: file found to be present in multiple build targets: /workspace/builds/worker-9/source/tests/tests.rs
[INFO] [stderr]     Updating git repository `https://github.com/DaGenix/rust-crypto.git`
[INFO] [stderr] error: the lock file /workspace/builds/worker-9/source/Cargo.lock needs to be updated but --locked was passed to prevent this
[INFO] [stderr] If you want to try to generate the lock file without accessing the network, use the --offline flag.
[INFO] the lockfile is outdated, regenerating it
[INFO] running `Command { std: "/workspace/cargo-home/bin/cargo" "+72f88fc4e9458f89516a0b8b0868f3718aec5b47" "generate-lockfile" "--manifest-path" "Cargo.toml" "-Zno-index-update", kill_on_drop: false }`
[INFO] [stderr]     Updating git repository `https://github.com/DaGenix/rust-crypto.git`
[INFO] running `Command { std: "/workspace/cargo-home/bin/cargo" "+72f88fc4e9458f89516a0b8b0868f3718aec5b47" "fetch" "--locked" "--manifest-path" "Cargo.toml", kill_on_drop: false }`
[INFO] [stderr] warning: An explicit [[test]] section is specified in Cargo.toml which currently
[INFO] [stderr] disables Cargo from automatically inferring other test targets.
[INFO] [stderr] This inference behavior will change in the Rust 2018 edition and the following
[INFO] [stderr] files will be included as a test target:
[INFO] [stderr] 
[INFO] [stderr] * /workspace/builds/worker-9/source/tests/test_vault.rs
[INFO] [stderr] 
[INFO] [stderr] This is likely to break cargo build or cargo test as these files may not be
[INFO] [stderr] ready to be compiled as a test target today. You can future-proof yourself
[INFO] [stderr] and disable this warning by adding `autotests = false` to your [package]
[INFO] [stderr] section. You may also move the files to a location where Cargo would not
[INFO] [stderr] automatically infer them to be a target, such as in subfolders.
[INFO] [stderr] 
[INFO] [stderr] For more information on this warning you can consult
[INFO] [stderr] https://github.com/rust-lang/cargo/issues/5330
[INFO] [stderr] warning: file found to be present in multiple build targets: /workspace/builds/worker-9/source/tests/tests.rs
[INFO] [stderr]     Blocking waiting for file lock on package cache
[INFO] running `Command { std: "docker" "create" "-v" "/var/lib/crater-agent-workspace/builds/worker-9/target:/opt/rustwide/target:rw,Z" "-v" "/var/lib/crater-agent-workspace/builds/worker-9/source:/opt/rustwide/workdir:ro,Z" "-v" "/var/lib/crater-agent-workspace/cargo-home:/opt/rustwide/cargo-home:ro,Z" "-v" "/var/lib/crater-agent-workspace/rustup-home:/opt/rustwide/rustup-home:ro,Z" "-e" "SOURCE_DIR=/opt/rustwide/workdir" "-e" "CARGO_TARGET_DIR=/opt/rustwide/target" "-e" "CARGO_HOME=/opt/rustwide/cargo-home" "-e" "RUSTUP_HOME=/opt/rustwide/rustup-home" "-w" "/opt/rustwide/workdir" "-m" "1610612736" "--user" "0:0" "--network" "none" "rustops/crates-build-env@sha256:d92eaeed33fa75130ca1ee6c8a01d1ffb62bac859dfdfb3450e3e5d1c0146529" "/opt/rustwide/cargo-home/bin/cargo" "+72f88fc4e9458f89516a0b8b0868f3718aec5b47" "metadata" "--no-deps" "--format-version=1", kill_on_drop: false }`
[INFO] [stdout] 5f977c24f196b84dcd255e7fd261eb5a7dfc04c9726f95d5b31c2e471581a911
[INFO] [stderr] WARNING: Your kernel does not support swap limit capabilities or the cgroup is not mounted. Memory limited without swap.
[INFO] running `Command { std: "docker" "start" "-a" "5f977c24f196b84dcd255e7fd261eb5a7dfc04c9726f95d5b31c2e471581a911", kill_on_drop: false }`
[INFO] running `Command { std: "docker" "inspect" "5f977c24f196b84dcd255e7fd261eb5a7dfc04c9726f95d5b31c2e471581a911", kill_on_drop: false }`
[INFO] running `Command { std: "docker" "rm" "-f" "5f977c24f196b84dcd255e7fd261eb5a7dfc04c9726f95d5b31c2e471581a911", kill_on_drop: false }`
[INFO] [stdout] 5f977c24f196b84dcd255e7fd261eb5a7dfc04c9726f95d5b31c2e471581a911
[INFO] running `Command { std: "docker" "create" "-v" "/var/lib/crater-agent-workspace/builds/worker-9/target:/opt/rustwide/target:rw,Z" "-v" "/var/lib/crater-agent-workspace/builds/worker-9/source:/opt/rustwide/workdir:ro,Z" "-v" "/var/lib/crater-agent-workspace/cargo-home:/opt/rustwide/cargo-home:ro,Z" "-v" "/var/lib/crater-agent-workspace/rustup-home:/opt/rustwide/rustup-home:ro,Z" "-e" "SOURCE_DIR=/opt/rustwide/workdir" "-e" "CARGO_TARGET_DIR=/opt/rustwide/target" "-e" "CARGO_INCREMENTAL=0" "-e" "RUST_BACKTRACE=full" "-e" "RUSTFLAGS=--cap-lints=forbid" "-e" "CARGO_HOME=/opt/rustwide/cargo-home" "-e" "RUSTUP_HOME=/opt/rustwide/rustup-home" "-w" "/opt/rustwide/workdir" "-m" "1610612736" "--user" "0:0" "--network" "none" "rustops/crates-build-env@sha256:d92eaeed33fa75130ca1ee6c8a01d1ffb62bac859dfdfb3450e3e5d1c0146529" "/opt/rustwide/cargo-home/bin/cargo" "+72f88fc4e9458f89516a0b8b0868f3718aec5b47" "check" "--frozen" "--all" "--all-targets" "--message-format=json", kill_on_drop: false }`
[INFO] [stdout] 1ad69dc324aad668122adb4ffcfb05b83027b3fd53c8b82fffdd052f0827b2fb
[INFO] [stderr] WARNING: Your kernel does not support swap limit capabilities or the cgroup is not mounted. Memory limited without swap.
[INFO] running `Command { std: "docker" "start" "-a" "1ad69dc324aad668122adb4ffcfb05b83027b3fd53c8b82fffdd052f0827b2fb", kill_on_drop: false }`
[INFO] [stderr] warning: An explicit [[test]] section is specified in Cargo.toml which currently
[INFO] [stderr] disables Cargo from automatically inferring other test targets.
[INFO] [stderr] This inference behavior will change in the Rust 2018 edition and the following
[INFO] [stderr] files will be included as a test target:
[INFO] [stderr] 
[INFO] [stderr] * /opt/rustwide/workdir/tests/test_vault.rs
[INFO] [stderr] 
[INFO] [stderr] This is likely to break cargo build or cargo test as these files may not be
[INFO] [stderr] ready to be compiled as a test target today. You can future-proof yourself
[INFO] [stderr] and disable this warning by adding `autotests = false` to your [package]
[INFO] [stderr] section. You may also move the files to a location where Cargo would not
[INFO] [stderr] automatically infer them to be a target, such as in subfolders.
[INFO] [stderr] 
[INFO] [stderr] For more information on this warning you can consult
[INFO] [stderr] https://github.com/rust-lang/cargo/issues/5330
[INFO] [stderr] warning: file found to be present in multiple build targets: /opt/rustwide/workdir/tests/tests.rs
[INFO] [stderr]    Compiling syn v1.0.40
[INFO] [stderr]     Checking futures-task v0.3.5
[INFO] [stderr]     Checking tinyvec v0.3.4
[INFO] [stderr]     Checking regex-syntax v0.6.18
[INFO] [stderr]     Checking rustc-serialize v0.3.24
[INFO] [stderr]     Checking futures-channel v0.3.5
[INFO] [stderr]    Compiling rust-crypto v0.2.36 (https://github.com/DaGenix/rust-crypto.git#cc1a5fde)
[INFO] [stderr]     Checking log v0.4.11
[INFO] [stderr]     Checking aho-corasick v0.7.13
[INFO] [stderr]     Checking rand v0.4.6
[INFO] [stderr]     Checking mio v0.6.22
[INFO] [stderr]     Checking tracing v0.1.19
[INFO] [stderr]     Checking want v0.3.0
[INFO] [stderr]     Checking unicode-normalization v0.1.13
[INFO] [stderr]     Checking rand v0.3.23
[INFO] [stderr]     Checking tokio v0.2.22
[INFO] [stderr]     Checking idna v0.2.0
[INFO] [stderr]     Checking url v2.1.1
[INFO] [stderr]     Checking regex v1.3.9
[INFO] [stderr]     Checking tokio-util v0.3.1
[INFO] [stderr]    Compiling pin-project-internal v0.4.23
[INFO] [stderr]     Checking pin-project v0.4.23
[INFO] [stderr]     Checking futures-util v0.3.5
[INFO] [stderr]     Checking h2 v0.2.6
[INFO] [stderr]     Checking hyper v0.13.7
[INFO] [stderr]     Checking vault v0.0.1 (/opt/rustwide/workdir)
[INFO] [stdout] error[E0432]: unresolved imports `hyper::header::Authorization`, `hyper::header::ContentType`
[INFO] [stdout]  --> src/vault/http/client.rs:6:21
[INFO] [stdout]   |
[INFO] [stdout] 6 | use hyper::header::{Authorization, ContentType};
[INFO] [stdout]   |                     ^^^^^^^^^^^^^  ^^^^^^^^^^^ no `ContentType` in `header`
[INFO] [stdout]   |                     |
[INFO] [stdout]   |                     no `Authorization` in `header`
[INFO] [stdout] 
[INFO] [stdout] 
[INFO] [stdout] error[E0432]: unresolved import `hyper::HttpError`
[INFO] [stdout]  --> src/vault/http/client.rs:7:5
[INFO] [stdout]   |
[INFO] [stdout] 7 | use hyper::HttpError;
[INFO] [stdout]   |     ^^^^^^^^^^^^^^^^ no `HttpError` in the root
[INFO] [stdout] 
[INFO] [stdout] 
[INFO] [stdout] error[E0433]: failed to resolve: could not find `method` in `hyper`
[INFO] [stdout]  --> src/vault/http/client.rs:9:12
[INFO] [stdout]   |
[INFO] [stdout] 9 | use hyper::method::Method::{Post};
[INFO] [stdout]   |            ^^^^^^ could not find `method` in `hyper`
[INFO] [stdout] 
[INFO] [stdout] 
[INFO] [stdout] error[E0432]: unresolved import `hyper::method`
[INFO] [stdout]  --> src/vault/http/client.rs:8:12
[INFO] [stdout]   |
[INFO] [stdout] 8 | use hyper::method::Method;
[INFO] [stdout]   |            ^^^^^^ could not find `method` in `hyper`
[INFO] [stdout] 
[INFO] [stdout] 
[INFO] [stdout] error[E0432]: unresolved import `hyper::mime`
[INFO] [stdout]   --> src/vault/http/client.rs:10:12
[INFO] [stdout]    |
[INFO] [stdout] 10 | use hyper::mime::*;
[INFO] [stdout]    |            ^^^^ could not find `mime` in `hyper`
[INFO] [stdout] 
[INFO] [stdout] 
[INFO] [stdout] error[E0432]: unresolved import `hyper::status`
[INFO] [stdout]   --> src/vault/http/client.rs:11:12
[INFO] [stdout]    |
[INFO] [stdout] 11 | use hyper::status::{StatusCode, StatusClass};
[INFO] [stdout]    |            ^^^^^^ could not find `status` in `hyper`
[INFO] [stdout] 
[INFO] [stdout] 
[INFO] [stdout] error[E0432]: unresolved imports `hyper::header::Header`, `hyper::header::HeaderFormat`, `hyper::header::Scheme`
[INFO] [stdout]  --> src/vault/http/authenticate_header.rs:5:21
[INFO] [stdout]   |
[INFO] [stdout] 5 | use hyper::header::{Header, HeaderFormat, Scheme};
[INFO] [stdout]   |                     ^^^^^^  ^^^^^^^^^^^^  ^^^^^^ no `Scheme` in `header`
[INFO] [stdout]   |                     |       |
[INFO] [stdout]   |                     |       no `HeaderFormat` in `header`
[INFO] [stdout]   |                     no `Header` in `header`
[INFO] [stdout] 
[INFO] [stdout] 
[INFO] [stdout] error[E0432]: unresolved imports `hyper::header::Authorization`, `hyper::header::ContentType`
[INFO] [stdout]  --> src/vault/http/client.rs:6:21
[INFO] [stdout]   |
[INFO] [stdout] 6 | use hyper::header::{Authorization, ContentType};
[INFO] [stdout]   |                     ^^^^^^^^^^^^^  ^^^^^^^^^^^ no `ContentType` in `header`
[INFO] [stdout]   |                     |
[INFO] [stdout]   |                     no `Authorization` in `header`
[INFO] [stdout] 
[INFO] [stdout] 
[INFO] [stdout] error[E0432]: unresolved import `hyper::HttpError`
[INFO] [stdout]  --> src/vault/http/client.rs:7:5
[INFO] [stdout]   |
[INFO] [stdout] 7 | use hyper::HttpError;
[INFO] [stdout]   |     ^^^^^^^^^^^^^^^^ no `HttpError` in the root
[INFO] [stdout] 
[INFO] [stdout] 
[INFO] [stdout] error[E0433]: failed to resolve: could not find `method` in `hyper`
[INFO] [stdout]  --> src/vault/http/client.rs:9:12
[INFO] [stdout]   |
[INFO] [stdout] 9 | use hyper::method::Method::{Post};
[INFO] [stdout]   |            ^^^^^^ could not find `method` in `hyper`
[INFO] [stdout] 
[INFO] [stdout] 
[INFO] [stdout] error[E0432]: unresolved import `hyper::method`
[INFO] [stdout]  --> src/vault/http/client.rs:8:12
[INFO] [stdout]   |
[INFO] [stdout] 8 | use hyper::method::Method;
[INFO] [stdout]   |            ^^^^^^ could not find `method` in `hyper`
[INFO] [stdout] 
[INFO] [stdout] 
[INFO] [stdout] error[E0432]: unresolved import `hyper::mime`
[INFO] [stdout]   --> src/vault/http/client.rs:10:12
[INFO] [stdout]    |
[INFO] [stdout] 10 | use hyper::mime::*;
[INFO] [stdout]    |            ^^^^ could not find `mime` in `hyper`
[INFO] [stdout] 
[INFO] [stdout] 
[INFO] [stdout] error[E0432]: unresolved import `hyper::status`
[INFO] [stdout]   --> src/vault/http/client.rs:11:12
[INFO] [stdout]    |
[INFO] [stdout] 11 | use hyper::status::{StatusCode, StatusClass};
[INFO] [stdout]    |            ^^^^^^ could not find `status` in `hyper`
[INFO] [stdout] 
[INFO] [stdout] 
[INFO] [stdout] error[E0432]: unresolved imports `hyper::header::Header`, `hyper::header::HeaderFormat`, `hyper::header::Scheme`
[INFO] [stdout]  --> src/vault/http/authenticate_header.rs:5:21
[INFO] [stdout]   |
[INFO] [stdout] 5 | use hyper::header::{Header, HeaderFormat, Scheme};
[INFO] [stdout]   |                     ^^^^^^  ^^^^^^^^^^^^  ^^^^^^ no `Scheme` in `header`
[INFO] [stdout]   |                     |       |
[INFO] [stdout]   |                     |       no `HeaderFormat` in `header`
[INFO] [stdout]   |                     no `Header` in `header`
[INFO] [stdout] 
[INFO] [stdout] 
[INFO] [stdout] error[E0433]: failed to resolve: could not find `Headers` in `header`
[INFO] [stdout]    --> src/vault/http/client.rs:147:44
[INFO] [stdout]     |
[INFO] [stdout] 147 |       let mut req_headers = hyper::header::Headers::new();
[INFO] [stdout]     |                                            ^^^^^^^ could not find `Headers` in `header`
[INFO] [stdout] 
[INFO] [stdout] 
[INFO] [stdout] error[E0433]: failed to resolve: could not find `Headers` in `header`
[INFO] [stdout]    --> src/vault/http/client.rs:231:48
[INFO] [stdout]     |
[INFO] [stdout] 231 |           let mut req_headers = hyper::header::Headers::new();
[INFO] [stdout]     |                                                ^^^^^^^ could not find `Headers` in `header`
[INFO] [stdout] 
[INFO] [stdout] 
[INFO] [stdout] error[E0433]: failed to resolve: could not find `Headers` in `header`
[INFO] [stdout]    --> src/vault/http/client.rs:256:48
[INFO] [stdout]     |
[INFO] [stdout] 256 |           let mut req_headers = hyper::header::Headers::new();
[INFO] [stdout]     |                                                ^^^^^^^ could not find `Headers` in `header`
[INFO] [stdout] 
[INFO] [stdout] 
[INFO] [stdout] error[E0433]: failed to resolve: could not find `Headers` in `header`
[INFO] [stdout]    --> src/vault/http/client.rs:278:48
[INFO] [stdout]     |
[INFO] [stdout] 278 |           let mut req_headers = hyper::header::Headers::new();
[INFO] [stdout]     |                                                ^^^^^^^ could not find `Headers` in `header`
[INFO] [stdout] 
[INFO] [stdout] 
[INFO] [stdout] error[E0433]: failed to resolve: could not find `Headers` in `header`
[INFO] [stdout]    --> src/vault/http/client.rs:147:44
[INFO] [stdout]     |
[INFO] [stdout] 147 |       let mut req_headers = hyper::header::Headers::new();
[INFO] [stdout]     |                                            ^^^^^^^ could not find `Headers` in `header`
[INFO] [stdout] 
[INFO] [stdout] 
[INFO] [stdout] error[E0433]: failed to resolve: could not find `Headers` in `header`
[INFO] [stdout]    --> src/vault/http/client.rs:286:48
[INFO] [stdout]     |
[INFO] [stdout] 286 |           let mut req_headers = hyper::header::Headers::new();
[INFO] [stdout]     |                                                ^^^^^^^ could not find `Headers` in `header`
[INFO] [stdout] 
[INFO] [stdout] 
[INFO] [stdout] error[E0433]: failed to resolve: could not find `Headers` in `header`
[INFO] [stdout]    --> src/vault/http/client.rs:307:48
[INFO] [stdout]     |
[INFO] [stdout] 307 |           let mut req_headers = hyper::header::Headers::new();
[INFO] [stdout]     |                                                ^^^^^^^ could not find `Headers` in `header`
[INFO] [stdout] 
[INFO] [stdout] 
[INFO] [stdout] error[E0433]: failed to resolve: could not find `Headers` in `header`
[INFO] [stdout]    --> src/vault/http/client.rs:231:48
[INFO] [stdout]     |
[INFO] [stdout] 231 |           let mut req_headers = hyper::header::Headers::new();
[INFO] [stdout]     |                                                ^^^^^^^ could not find `Headers` in `header`
[INFO] [stdout] 
[INFO] [stdout] 
[INFO] [stdout] error[E0433]: failed to resolve: could not find `Headers` in `header`
[INFO] [stdout]    --> src/vault/http/client.rs:393:48
[INFO] [stdout]     |
[INFO] [stdout] 393 |           let mut req_headers = hyper::header::Headers::new();
[INFO] [stdout]     |                                                ^^^^^^^ could not find `Headers` in `header`
[INFO] [stdout] 
[INFO] [stdout] 
[INFO] [stdout] error[E0433]: failed to resolve: could not find `Headers` in `header`
[INFO] [stdout]    --> src/vault/http/client.rs:401:48
[INFO] [stdout]     |
[INFO] [stdout] 401 |           let mut req_headers = hyper::header::Headers::new();
[INFO] [stdout]     |                                                ^^^^^^^ could not find `Headers` in `header`
[INFO] [stdout] 
[INFO] [stdout] 
[INFO] [stdout] error[E0433]: failed to resolve: could not find `Headers` in `header`
[INFO] [stdout]    --> src/vault/http/client.rs:256:48
[INFO] [stdout]     |
[INFO] [stdout] 256 |           let mut req_headers = hyper::header::Headers::new();
[INFO] [stdout]     |                                                ^^^^^^^ could not find `Headers` in `header`
[INFO] [stdout] 
[INFO] [stdout] 
[INFO] [stdout] error[E0433]: failed to resolve: could not find `Headers` in `header`
[INFO] [stdout]    --> src/vault/http/client.rs:278:48
[INFO] [stdout]     |
[INFO] [stdout] 278 |           let mut req_headers = hyper::header::Headers::new();
[INFO] [stdout]     |                                                ^^^^^^^ could not find `Headers` in `header`
[INFO] [stdout] 
[INFO] [stdout] 
[INFO] [stdout] error[E0433]: failed to resolve: could not find `Headers` in `header`
[INFO] [stdout]    --> src/vault/http/client.rs:286:48
[INFO] [stdout]     |
[INFO] [stdout] 286 |           let mut req_headers = hyper::header::Headers::new();
[INFO] [stdout]     |                                                ^^^^^^^ could not find `Headers` in `header`
[INFO] [stdout] 
[INFO] [stdout] 
[INFO] [stdout] error[E0433]: failed to resolve: could not find `Headers` in `header`
[INFO] [stdout]    --> src/vault/http/client.rs:307:48
[INFO] [stdout]     |
[INFO] [stdout] 307 |           let mut req_headers = hyper::header::Headers::new();
[INFO] [stdout]     |                                                ^^^^^^^ could not find `Headers` in `header`
[INFO] [stdout] 
[INFO] [stdout] 
[INFO] [stdout] error[E0412]: cannot find type `HttpResult` in crate `hyper`
[INFO] [stdout]   --> src/vault/http/client.rs:87:72
[INFO] [stdout]    |
[INFO] [stdout] 87 |     fn execute_wrapper<F: Fn(&mut Client, Option<AuthToken>) -> hyper::HttpResult<Response>>(vault_client: &mut AzureVault, req_fn: F) ->...
[INFO] [stdout]    |                                                                        ^^^^^^^^^^ not found in `hyper`
[INFO] [stdout] 
[INFO] [stdout] 
[INFO] [stdout] error[E0412]: cannot find type `HttpResult` in crate `hyper`
[INFO] [stdout]   --> src/vault/http/client.rs:87:146
[INFO] [stdout]    |
[INFO] [stdout] 87 | ...ault_client: &mut AzureVault, req_fn: F) -> hyper::HttpResult<Response>{
[INFO] [stdout]    |                                                       ^^^^^^^^^^ not found in `hyper`
[INFO] [stdout] 
[INFO] [stdout] 
[INFO] [stdout] error[E0412]: cannot find type `HttpResult` in crate `hyper`
[INFO] [stdout]    --> src/vault/http/client.rs:122:80
[INFO] [stdout]     |
[INFO] [stdout] 122 |     fn handle_401(vault_client: &mut AzureVault, response: Response) -> hyper::HttpResult<Response>{
[INFO] [stdout]     |                                                                                ^^^^^^^^^^ not found in `hyper`
[INFO] [stdout] 
[INFO] [stdout] 
[INFO] [stdout] error[E0412]: cannot find type `HttpResult` in crate `hyper`
[INFO] [stdout]    --> src/vault/http/client.rs:135:109
[INFO] [stdout]     |
[INFO] [stdout] 135 |     fn authenticate(client: &mut Client, auth_url: &str, resource: &str, key: &str, secret: &str) -> hyper::HttpResult<Response> {
[INFO] [stdout]     |                                                                                                             ^^^^^^^^^^ not found in `hyper`
[INFO] [stdout] 
[INFO] [stdout] 
[INFO] [stdout] error[E0425]: cannot find function `serialize` in module `url::form_urlencoded`
[INFO] [stdout]    --> src/vault/http/client.rs:148:45
[INFO] [stdout]     |
[INFO] [stdout] 148 |       let post_body = url::form_urlencoded::serialize(params);
[INFO] [stdout]     |                                             ^^^^^^^^^ not found in `url::form_urlencoded`
[INFO] [stdout] 
[INFO] [stdout] 
[INFO] [stdout] error[E0412]: cannot find type `HttpResult` in crate `hyper`
[INFO] [stdout]    --> src/vault/http/client.rs:200:36
[INFO] [stdout]     |
[INFO] [stdout] 200 |   fn list<'b>(&mut self) -> hyper::HttpResult<Option<Vec<KeyListItem>>>;
[INFO] [stdout]     |                                    ^^^^^^^^^^ not found in `hyper`
[INFO] [stdout] 
[INFO] [stdout] 
[INFO] [stdout] error[E0412]: cannot find type `HttpResult` in crate `hyper`
[INFO] [stdout]    --> src/vault/http/client.rs:201:55
[INFO] [stdout]     |
[INFO] [stdout] 201 |   fn get_key<'b>(&mut self, key_name: &str) -> hyper::HttpResult<Option<KeyWrapper>>;
[INFO] [stdout]     |                                                       ^^^^^^^^^^ not found in `hyper`
[INFO] [stdout] 
[INFO] [stdout] 
[INFO] [stdout] error[E0412]: cannot find type `HttpResult` in crate `hyper`
[INFO] [stdout]    --> src/vault/http/client.rs:202:59
[INFO] [stdout]     |
[INFO] [stdout] 202 |   fn update_key<'b>(&mut self, key: KeyWrapper) -> hyper::HttpResult<KeyWrapper>;
[INFO] [stdout]     |                                                           ^^^^^^^^^^ not found in `hyper`
[INFO] [stdout] 
[INFO] [stdout] 
[INFO] [stdout] error[E0412]: cannot find type `HttpResult` in crate `hyper`
[INFO] [stdout]    --> src/vault/http/client.rs:203:58
[INFO] [stdout]     |
[INFO] [stdout] 203 |   fn delete_key<'b>(&mut self, key_name: &str) -> hyper::HttpResult<Option<KeyWrapper>>;
[INFO] [stdout]     |                                                          ^^^^^^^^^^ not found in `hyper`
[INFO] [stdout] 
[INFO] [stdout] 
[INFO] [stdout] error[E0412]: cannot find type `HttpResult` in crate `hyper`
[INFO] [stdout]    --> src/vault/http/client.rs:204:80
[INFO] [stdout]     |
[INFO] [stdout] 204 |   fn create_key<'b>(&mut self, key_name: &str, key_ops: Vec<String>) -> hyper::HttpResult<KeyWrapper>;
[INFO] [stdout]     |                                                                                ^^^^^^^^^^ not found in `hyper`
[INFO] [stdout] 
[INFO] [stdout] 
[INFO] [stdout] error[E0412]: cannot find type `HttpResult` in crate `hyper`
[INFO] [stdout]    --> src/vault/http/client.rs:205:68
[INFO] [stdout]     |
[INFO] [stdout] 205 |   fn encrypt<'b>(&mut self, key_name: &str, data: &[u8]) -> hyper::HttpResult<String>;
[INFO] [stdout]     |                                                                    ^^^^^^^^^^ not found in `hyper`
[INFO] [stdout] 
[INFO] [stdout] 
[INFO] [stdout] error[E0412]: cannot find type `HttpResult` in crate `hyper`
[INFO] [stdout]    --> src/vault/http/client.rs:206:68
[INFO] [stdout]     |
[INFO] [stdout] 206 |   fn decrypt<'b>(&mut self, key_name: &str, data: &[u8]) -> hyper::HttpResult<String>;
[INFO] [stdout]     |                                                                    ^^^^^^^^^^ not found in `hyper`
[INFO] [stdout] 
[INFO] [stdout] 
[INFO] [stdout] error[E0412]: cannot find type `HttpResult` in crate `hyper`
[INFO] [stdout]    --> src/vault/http/client.rs:207:65
[INFO] [stdout]     |
[INFO] [stdout] 207 |   fn wrap<'b>(&mut self, key_name: &str, cek:  &[u8]) -> hyper::HttpResult<String>;
[INFO] [stdout]     |                                                                 ^^^^^^^^^^ not found in `hyper`
[INFO] [stdout] 
[INFO] [stdout] 
[INFO] [stdout] error[E0412]: cannot find type `HttpResult` in crate `hyper`
[INFO] [stdout]    --> src/vault/http/client.rs:208:67
[INFO] [stdout]     |
[INFO] [stdout] 208 |   fn unwrap<'b>(&mut self, key_name: &str, cek:  &[u8]) -> hyper::HttpResult<String>;
[INFO] [stdout]     |                                                                   ^^^^^^^^^^ not found in `hyper`
[INFO] [stdout] 
[INFO] [stdout] 
[INFO] [stdout] error[E0412]: cannot find type `HttpResult` in crate `hyper`
[INFO] [stdout]    --> src/vault/http/client.rs:209:71
[INFO] [stdout]     |
[INFO] [stdout] 209 |   fn sign<'b>(&mut self, key_name: &str, message:  Vec<u8>) -> hyper::HttpResult<Vec<u8>>;
[INFO] [stdout]     |                                                                       ^^^^^^^^^^ not found in `hyper`
[INFO] [stdout] 
[INFO] [stdout] 
[INFO] [stdout] error[E0412]: cannot find type `HttpResult` in crate `hyper`
[INFO] [stdout]    --> src/vault/http/client.rs:210:93
[INFO] [stdout]     |
[INFO] [stdout] 210 |   fn verify<'b>(&mut self, key_name: &str, message:  Vec<u8>, signiture: Vec<u8>) -> hyper::HttpResult<bool>;
[INFO] [stdout]     |                                                                                             ^^^^^^^^^^ not found in `hyper`
[INFO] [stdout] 
[INFO] [stdout] 
[INFO] [stdout] error[E0412]: cannot find type `HttpResult` in crate `hyper`
[INFO] [stdout]    --> src/vault/http/client.rs:211:93
[INFO] [stdout]     |
[INFO] [stdout] 211 |   fn crypto_operation<T>(&mut self, payload: BTreeMap<&str, String>, url: String) -> hyper::HttpResult<T> where T : PartialEq + Decodable;
[INFO] [stdout]     |                                                                                             ^^^^^^^^^^ not found in `hyper`
[INFO] [stdout] 
[INFO] [stdout] 
[INFO] [stdout] error[E0412]: cannot find type `HttpResult` in crate `hyper`
[INFO] [stdout]    --> src/vault/http/client.rs:225:55
[INFO] [stdout]     |
[INFO] [stdout] 225 |   fn get_key<'b>(&mut self, key_name: &str) -> hyper::HttpResult<Option<KeyWrapper>>{
[INFO] [stdout]     |                                                       ^^^^^^^^^^ not found in `hyper`
[INFO] [stdout] 
[INFO] [stdout] 
[INFO] [stdout] error[E0412]: cannot find type `HttpResult` in crate `hyper`
[INFO] [stdout]    --> src/vault/http/client.rs:246:59
[INFO] [stdout]     |
[INFO] [stdout] 246 |   fn update_key<'b>(&mut self, key: KeyWrapper) -> hyper::HttpResult<KeyWrapper>{
[INFO] [stdout]     |                                                           ^^^^^^^^^^ not found in `hyper`
[INFO] [stdout] 
[INFO] [stdout] 
[INFO] [stdout] error[E0412]: cannot find type `HttpResult` in crate `hyper`
[INFO] [stdout]    --> src/vault/http/client.rs:250:58
[INFO] [stdout]     |
[INFO] [stdout] 250 |   fn delete_key<'b>(&mut self, key_name: &str) -> hyper::HttpResult<Option<KeyWrapper>>{
[INFO] [stdout]     |                                                          ^^^^^^^^^^ not found in `hyper`
[INFO] [stdout] 
[INFO] [stdout] 
[INFO] [stdout] error[E0412]: cannot find type `HttpResult` in crate `hyper`
[INFO] [stdout]    --> src/vault/http/client.rs:270:80
[INFO] [stdout]     |
[INFO] [stdout] 270 |   fn create_key<'b>(&mut self, key_name: &str, key_ops: Vec<String>) -> hyper::HttpResult<KeyWrapper>{
[INFO] [stdout]     |                                                                                ^^^^^^^^^^ not found in `hyper`
[INFO] [stdout] 
[INFO] [stdout] 
[INFO] [stdout] error[E0412]: cannot find type `Mime` in this scope
[INFO] [stdout]    --> src/vault/http/client.rs:279:26
[INFO] [stdout]     |
[INFO] [stdout] 279 |           let json_mime: Mime = "application/json".parse().unwrap();
[INFO] [stdout]     |                          ^^^^ not found in this scope
[INFO] [stdout] 
[INFO] [stdout] 
[INFO] [stdout] error[E0412]: cannot find type `Mime` in this scope
[INFO] [stdout]    --> src/vault/http/client.rs:287:26
[INFO] [stdout]     |
[INFO] [stdout] 287 |           let json_mime: Mime = "application/json".parse().unwrap();
[INFO] [stdout]     |                          ^^^^ not found in this scope
[INFO] [stdout] 
[INFO] [stdout] 
[INFO] [stdout] error[E0412]: cannot find type `HttpResult` in crate `hyper`
[INFO] [stdout]    --> src/vault/http/client.rs:301:36
[INFO] [stdout]     |
[INFO] [stdout] 301 |   fn list<'b>(&mut self) -> hyper::HttpResult<Option<Vec<KeyListItem>>>{
[INFO] [stdout]     |                                    ^^^^^^^^^^ not found in `hyper`
[INFO] [stdout] 
[INFO] [stdout] 
[INFO] [stdout] error[E0412]: cannot find type `HttpResult` in crate `hyper`
[INFO] [stdout]    --> src/vault/http/client.rs:321:68
[INFO] [stdout]     |
[INFO] [stdout] 321 |   fn encrypt<'b>(&mut self, key_name: &str, data: &[u8]) -> hyper::HttpResult<String>{
[INFO] [stdout]     |                                                                    ^^^^^^^^^^ not found in `hyper`
[INFO] [stdout] 
[INFO] [stdout] 
[INFO] [stdout] error[E0412]: cannot find type `HttpResult` in crate `hyper`
[INFO] [stdout]    --> src/vault/http/client.rs:335:68
[INFO] [stdout]     |
[INFO] [stdout] 335 |   fn decrypt<'b>(&mut self, key_name: &str, data: &[u8]) -> hyper::HttpResult<String>{
[INFO] [stdout]     |                                                                    ^^^^^^^^^^ not found in `hyper`
[INFO] [stdout] 
[INFO] [stdout] 
[INFO] [stdout] error[E0412]: cannot find type `HttpResult` in crate `hyper`
[INFO] [stdout]    --> src/vault/http/client.rs:349:65
[INFO] [stdout]     |
[INFO] [stdout] 349 |   fn wrap<'b>(&mut self, key_name: &str, cek:  &[u8]) -> hyper::HttpResult<String>{
[INFO] [stdout]     |                                                                 ^^^^^^^^^^ not found in `hyper`
[INFO] [stdout] 
[INFO] [stdout] 
[INFO] [stdout] error[E0412]: cannot find type `HttpResult` in crate `hyper`
[INFO] [stdout]    --> src/vault/http/client.rs:353:67
[INFO] [stdout]     |
[INFO] [stdout] 353 |   fn unwrap<'b>(&mut self, key_name: &str, cek:  &[u8]) -> hyper::HttpResult<String>{
[INFO] [stdout]     |                                                                   ^^^^^^^^^^ not found in `hyper`
[INFO] [stdout] 
[INFO] [stdout] 
[INFO] [stdout] error[E0412]: cannot find type `HttpResult` in crate `hyper`
[INFO] [stdout]    --> src/vault/http/client.rs:357:69
[INFO] [stdout]     |
[INFO] [stdout] 357 |   fn sign<'b>(&mut self, key_name: &str, digest: Vec<u8>) -> hyper::HttpResult<Vec<u8>>{
[INFO] [stdout]     |                                                                     ^^^^^^^^^^ not found in `hyper`
[INFO] [stdout] 
[INFO] [stdout] 
[INFO] [stdout] error[E0412]: cannot find type `HttpResult` in crate `hyper`
[INFO] [stdout]    --> src/vault/http/client.rs:371:91
[INFO] [stdout]     |
[INFO] [stdout] 371 |   fn verify<'b>(&mut self, key_name: &str, digest: Vec<u8>, signiture: Vec<u8>) -> hyper::HttpResult<bool>{
[INFO] [stdout]     |                                                                                           ^^^^^^^^^^ not found in `hyper`
[INFO] [stdout] 
[INFO] [stdout] 
[INFO] [stdout] error[E0433]: failed to resolve: could not find `Headers` in `header`
[INFO] [stdout]    --> src/vault/http/client.rs:393:48
[INFO] [stdout]     |
[INFO] [stdout] 393 |           let mut req_headers = hyper::header::Headers::new();
[INFO] [stdout]     |                                                ^^^^^^^ could not find `Headers` in `header`
[INFO] [stdout] 
[INFO] [stdout] 
[INFO] [stdout] error[E0412]: cannot find type `HttpResult` in crate `hyper`
[INFO] [stdout]    --> src/vault/http/client.rs:386:93
[INFO] [stdout]     |
[INFO] [stdout] 386 |   fn crypto_operation<T>(&mut self, payload: BTreeMap<&str, String>, url: String) -> hyper::HttpResult<T>
[INFO] [stdout]     |                                                                                             ^^^^^^^^^^ not found in `hyper`
[INFO] [stdout] 
[INFO] [stdout] 
[INFO] [stdout] error[E0412]: cannot find type `Mime` in this scope
[INFO] [stdout]    --> src/vault/http/client.rs:394:26
[INFO] [stdout]     |
[INFO] [stdout] 394 |           let json_mime: Mime = "application/json".parse().unwrap();
[INFO] [stdout]     |                          ^^^^ not found in this scope
[INFO] [stdout] 
[INFO] [stdout] 
[INFO] [stdout] error[E0412]: cannot find type `Mime` in this scope
[INFO] [stdout]    --> src/vault/http/client.rs:402:26
[INFO] [stdout]     |
[INFO] [stdout] 402 |           let json_mime: Mime = "application/json".parse().unwrap();
[INFO] [stdout]     |                          ^^^^ not found in this scope
[INFO] [stdout] 
[INFO] [stdout] 
[INFO] [stdout] error[E0603]: struct `Response` is private
[INFO] [stdout]   --> src/vault/http/client.rs:5:29
[INFO] [stdout]    |
[INFO] [stdout] 5  | use hyper::client::{Client, Response};
[INFO] [stdout]    |                             ^^^^^^^^ private struct
[INFO] [stdout]    |
[INFO] [stdout] note: the struct `Response` is defined here
[INFO] [stdout]   --> /opt/rustwide/cargo-home/registry/src/github.com-1ecc6299db9ec823/hyper-0.13.7/src/client/mod.rs:60:29
[INFO] [stdout]    |
[INFO] [stdout] 60 | use http::{Method, Request, Response, Uri, Version};
[INFO] [stdout]    |                             ^^^^^^^^
[INFO] [stdout] 
[INFO] [stdout] 
[INFO] [stdout] error[E0433]: failed to resolve: could not find `Headers` in `header`
[INFO] [stdout]    --> src/vault/http/client.rs:401:48
[INFO] [stdout]     |
[INFO] [stdout] 401 |           let mut req_headers = hyper::header::Headers::new();
[INFO] [stdout]     |                                                ^^^^^^^ could not find `Headers` in `header`
[INFO] [stdout] 
[INFO] [stdout] 
[INFO] [stdout] error[E0412]: cannot find type `HttpResult` in crate `hyper`
[INFO] [stdout]   --> src/vault/http/client.rs:87:72
[INFO] [stdout]    |
[INFO] [stdout] 87 |     fn execute_wrapper<F: Fn(&mut Client, Option<AuthToken>) -> hyper::HttpResult<Response>>(vault_client: &mut AzureVault, req_fn: F) ->...
[INFO] [stdout]    |                                                                        ^^^^^^^^^^ not found in `hyper`
[INFO] [stdout] 
[INFO] [stdout] 
[INFO] [stdout] error[E0412]: cannot find type `HttpResult` in crate `hyper`
[INFO] [stdout]   --> src/vault/http/client.rs:87:146
[INFO] [stdout]    |
[INFO] [stdout] 87 | ...ault_client: &mut AzureVault, req_fn: F) -> hyper::HttpResult<Response>{
[INFO] [stdout]    |                                                       ^^^^^^^^^^ not found in `hyper`
[INFO] [stdout] 
[INFO] [stdout] 
[INFO] [stdout] error[E0412]: cannot find type `HttpResult` in crate `hyper`
[INFO] [stdout]    --> src/vault/http/client.rs:122:80
[INFO] [stdout]     |
[INFO] [stdout] 122 |     fn handle_401(vault_client: &mut AzureVault, response: Response) -> hyper::HttpResult<Response>{
[INFO] [stdout]     |                                                                                ^^^^^^^^^^ not found in `hyper`
[INFO] [stdout] 
[INFO] [stdout] 
[INFO] [stdout] error[E0412]: cannot find type `HttpResult` in crate `hyper`
[INFO] [stdout]    --> src/vault/http/client.rs:135:109
[INFO] [stdout]     |
[INFO] [stdout] 135 |     fn authenticate(client: &mut Client, auth_url: &str, resource: &str, key: &str, secret: &str) -> hyper::HttpResult<Response> {
[INFO] [stdout]     |                                                                                                             ^^^^^^^^^^ not found in `hyper`
[INFO] [stdout] 
[INFO] [stdout] 
[INFO] [stdout] warning: use of deprecated macro `try`: use the `?` operator instead
[INFO] [stdout]   --> src/vault/http/authenticate_header.rs:55:29
[INFO] [stdout]    |
[INFO] [stdout] 55 |             Some(scheme) => try!(write!(fmt, "{} ", scheme)),
[INFO] [stdout]    |                             ^^^
[INFO] [stdout]    |
[INFO] [stdout]    = note: `#[warn(deprecated)]` on by default
[INFO] [stdout] 
[INFO] [stdout] 
[INFO] [stdout] error[E0425]: cannot find function `serialize` in module `url::form_urlencoded`
[INFO] [stdout]    --> src/vault/http/client.rs:148:45
[INFO] [stdout]     |
[INFO] [stdout] 148 |       let post_body = url::form_urlencoded::serialize(params);
[INFO] [stdout]     |                                             ^^^^^^^^^ not found in `url::form_urlencoded`
[INFO] [stdout] 
[INFO] [stdout] 
[INFO] [stdout] error[E0412]: cannot find type `HttpResult` in crate `hyper`
[INFO] [stdout]    --> src/vault/http/client.rs:200:36
[INFO] [stdout]     |
[INFO] [stdout] 200 |   fn list<'b>(&mut self) -> hyper::HttpResult<Option<Vec<KeyListItem>>>;
[INFO] [stdout]     |                                    ^^^^^^^^^^ not found in `hyper`
[INFO] [stdout] 
[INFO] [stdout] 
[INFO] [stdout] error[E0412]: cannot find type `HttpResult` in crate `hyper`
[INFO] [stdout]    --> src/vault/http/client.rs:201:55
[INFO] [stdout]     |
[INFO] [stdout] 201 |   fn get_key<'b>(&mut self, key_name: &str) -> hyper::HttpResult<Option<KeyWrapper>>;
[INFO] [stdout]     |                                                       ^^^^^^^^^^ not found in `hyper`
[INFO] [stdout] 
[INFO] [stdout] 
[INFO] [stdout] error[E0412]: cannot find type `HttpResult` in crate `hyper`
[INFO] [stdout]    --> src/vault/http/client.rs:202:59
[INFO] [stdout]     |
[INFO] [stdout] 202 |   fn update_key<'b>(&mut self, key: KeyWrapper) -> hyper::HttpResult<KeyWrapper>;
[INFO] [stdout]     |                                                           ^^^^^^^^^^ not found in `hyper`
[INFO] [stdout] 
[INFO] [stdout] 
[INFO] [stdout] error[E0412]: cannot find type `HttpResult` in crate `hyper`
[INFO] [stdout]    --> src/vault/http/client.rs:203:58
[INFO] [stdout]     |
[INFO] [stdout] 203 |   fn delete_key<'b>(&mut self, key_name: &str) -> hyper::HttpResult<Option<KeyWrapper>>;
[INFO] [stdout]     |                                                          ^^^^^^^^^^ not found in `hyper`
[INFO] [stdout] 
[INFO] [stdout] 
[INFO] [stdout] warning: `...` range patterns are deprecated
[INFO] [stdout]    --> src/vault/http/client.rs:180:15
[INFO] [stdout]     |
[INFO] [stdout] 180 |            100...299 => {
[INFO] [stdout]     |               ^^^ help: use `..=` for an inclusive range
[INFO] [stdout]     |
[INFO] [stdout]     = note: `#[warn(ellipsis_inclusive_range_patterns)]` on by default
[INFO] [stdout] 
[INFO] [stdout] 
[INFO] [stdout] error[E0412]: cannot find type `HttpResult` in crate `hyper`
[INFO] [stdout]    --> src/vault/http/client.rs:204:80
[INFO] [stdout]     |
[INFO] [stdout] 204 |   fn create_key<'b>(&mut self, key_name: &str, key_ops: Vec<String>) -> hyper::HttpResult<KeyWrapper>;
[INFO] [stdout]     |                                                                                ^^^^^^^^^^ not found in `hyper`
[INFO] [stdout] 
[INFO] [stdout] 
[INFO] [stdout] error[E0412]: cannot find type `HttpResult` in crate `hyper`
[INFO] [stdout]    --> src/vault/http/client.rs:205:68
[INFO] [stdout]     |
[INFO] [stdout] 205 |   fn encrypt<'b>(&mut self, key_name: &str, data: &[u8]) -> hyper::HttpResult<String>;
[INFO] [stdout]     |                                                                    ^^^^^^^^^^ not found in `hyper`
[INFO] [stdout] 
[INFO] [stdout] 
[INFO] [stdout] error[E0412]: cannot find type `HttpResult` in crate `hyper`
[INFO] [stdout]    --> src/vault/http/client.rs:206:68
[INFO] [stdout]     |
[INFO] [stdout] 206 |   fn decrypt<'b>(&mut self, key_name: &str, data: &[u8]) -> hyper::HttpResult<String>;
[INFO] [stdout]     |                                                                    ^^^^^^^^^^ not found in `hyper`
[INFO] [stdout] 
[INFO] [stdout] 
[INFO] [stdout] error[E0412]: cannot find type `HttpResult` in crate `hyper`
[INFO] [stdout]    --> src/vault/http/client.rs:207:65
[INFO] [stdout]     |
[INFO] [stdout] 207 |   fn wrap<'b>(&mut self, key_name: &str, cek:  &[u8]) -> hyper::HttpResult<String>;
[INFO] [stdout]     |                                                                 ^^^^^^^^^^ not found in `hyper`
[INFO] [stdout] 
[INFO] [stdout] 
[INFO] [stdout] error[E0412]: cannot find type `HttpResult` in crate `hyper`
[INFO] [stdout]    --> src/vault/http/client.rs:208:67
[INFO] [stdout]     |
[INFO] [stdout] 208 |   fn unwrap<'b>(&mut self, key_name: &str, cek:  &[u8]) -> hyper::HttpResult<String>;
[INFO] [stdout]     |                                                                   ^^^^^^^^^^ not found in `hyper`
[INFO] [stdout] 
[INFO] [stdout] 
[INFO] [stdout] error[E0412]: cannot find type `HttpResult` in crate `hyper`
[INFO] [stdout]    --> src/vault/http/client.rs:209:71
[INFO] [stdout]     |
[INFO] [stdout] 209 |   fn sign<'b>(&mut self, key_name: &str, message:  Vec<u8>) -> hyper::HttpResult<Vec<u8>>;
[INFO] [stdout]     |                                                                       ^^^^^^^^^^ not found in `hyper`
[INFO] [stdout] 
[INFO] [stdout] 
[INFO] [stdout] error[E0412]: cannot find type `HttpResult` in crate `hyper`
[INFO] [stdout]    --> src/vault/http/client.rs:210:93
[INFO] [stdout]     |
[INFO] [stdout] 210 |   fn verify<'b>(&mut self, key_name: &str, message:  Vec<u8>, signiture: Vec<u8>) -> hyper::HttpResult<bool>;
[INFO] [stdout]     |                                                                                             ^^^^^^^^^^ not found in `hyper`
[INFO] [stdout] 
[INFO] [stdout] 
[INFO] [stdout] error[E0412]: cannot find type `HttpResult` in crate `hyper`
[INFO] [stdout]    --> src/vault/http/client.rs:211:93
[INFO] [stdout]     |
[INFO] [stdout] 211 |   fn crypto_operation<T>(&mut self, payload: BTreeMap<&str, String>, url: String) -> hyper::HttpResult<T> where T : PartialEq + Decodable;
[INFO] [stdout]     |                                                                                             ^^^^^^^^^^ not found in `hyper`
[INFO] [stdout] 
[INFO] [stdout] 
[INFO] [stdout] error[E0412]: cannot find type `HttpResult` in crate `hyper`
[INFO] [stdout]    --> src/vault/http/client.rs:225:55
[INFO] [stdout]     |
[INFO] [stdout] 225 |   fn get_key<'b>(&mut self, key_name: &str) -> hyper::HttpResult<Option<KeyWrapper>>{
[INFO] [stdout]     |                                                       ^^^^^^^^^^ not found in `hyper`
[INFO] [stdout] 
[INFO] [stdout] 
[INFO] [stdout] error[E0412]: cannot find type `HttpResult` in crate `hyper`
[INFO] [stdout]    --> src/vault/http/client.rs:246:59
[INFO] [stdout]     |
[INFO] [stdout] 246 |   fn update_key<'b>(&mut self, key: KeyWrapper) -> hyper::HttpResult<KeyWrapper>{
[INFO] [stdout]     |                                                           ^^^^^^^^^^ not found in `hyper`
[INFO] [stdout] 
[INFO] [stdout] 
[INFO] [stdout] error[E0412]: cannot find type `HttpResult` in crate `hyper`
[INFO] [stdout]    --> src/vault/http/client.rs:250:58
[INFO] [stdout]     |
[INFO] [stdout] 250 |   fn delete_key<'b>(&mut self, key_name: &str) -> hyper::HttpResult<Option<KeyWrapper>>{
[INFO] [stdout]     |                                                          ^^^^^^^^^^ not found in `hyper`
[INFO] [stdout] 
[INFO] [stdout] 
[INFO] [stdout] error[E0412]: cannot find type `HttpResult` in crate `hyper`
[INFO] [stdout]    --> src/vault/http/client.rs:270:80
[INFO] [stdout]     |
[INFO] [stdout] 270 |   fn create_key<'b>(&mut self, key_name: &str, key_ops: Vec<String>) -> hyper::HttpResult<KeyWrapper>{
[INFO] [stdout]     |                                                                                ^^^^^^^^^^ not found in `hyper`
[INFO] [stdout] 
[INFO] [stdout] 
[INFO] [stdout] error[E0412]: cannot find type `Mime` in this scope
[INFO] [stdout]    --> src/vault/http/client.rs:279:26
[INFO] [stdout]     |
[INFO] [stdout] 279 |           let json_mime: Mime = "application/json".parse().unwrap();
[INFO] [stdout]     |                          ^^^^ not found in this scope
[INFO] [stdout] 
[INFO] [stdout] 
[INFO] [stdout] error[E0412]: cannot find type `Mime` in this scope
[INFO] [stdout]    --> src/vault/http/client.rs:287:26
[INFO] [stdout]     |
[INFO] [stdout] 287 |           let json_mime: Mime = "application/json".parse().unwrap();
[INFO] [stdout]     |                          ^^^^ not found in this scope
[INFO] [stdout] 
[INFO] [stdout] 
[INFO] [stdout] error[E0412]: cannot find type `HttpResult` in crate `hyper`
[INFO] [stdout]    --> src/vault/http/client.rs:301:36
[INFO] [stdout]     |
[INFO] [stdout] 301 |   fn list<'b>(&mut self) -> hyper::HttpResult<Option<Vec<KeyListItem>>>{
[INFO] [stdout]     |                                    ^^^^^^^^^^ not found in `hyper`
[INFO] [stdout] 
[INFO] [stdout] 
[INFO] [stdout] error[E0412]: cannot find type `HttpResult` in crate `hyper`
[INFO] [stdout]    --> src/vault/http/client.rs:321:68
[INFO] [stdout]     |
[INFO] [stdout] 321 |   fn encrypt<'b>(&mut self, key_name: &str, data: &[u8]) -> hyper::HttpResult<String>{
[INFO] [stdout]     |                                                                    ^^^^^^^^^^ not found in `hyper`
[INFO] [stdout] 
[INFO] [stdout] 
[INFO] [stdout] error[E0412]: cannot find type `HttpResult` in crate `hyper`
[INFO] [stdout]    --> src/vault/http/client.rs:335:68
[INFO] [stdout]     |
[INFO] [stdout] 335 |   fn decrypt<'b>(&mut self, key_name: &str, data: &[u8]) -> hyper::HttpResult<String>{
[INFO] [stdout]     |                                                                    ^^^^^^^^^^ not found in `hyper`
[INFO] [stdout] 
[INFO] [stdout] 
[INFO] [stdout] error[E0412]: cannot find type `HttpResult` in crate `hyper`
[INFO] [stdout]    --> src/vault/http/client.rs:349:65
[INFO] [stdout]     |
[INFO] [stdout] 349 |   fn wrap<'b>(&mut self, key_name: &str, cek:  &[u8]) -> hyper::HttpResult<String>{
[INFO] [stdout]     |                                                                 ^^^^^^^^^^ not found in `hyper`
[INFO] [stdout] 
[INFO] [stdout] 
[INFO] [stdout] error[E0412]: cannot find type `HttpResult` in crate `hyper`
[INFO] [stdout]    --> src/vault/http/client.rs:353:67
[INFO] [stdout]     |
[INFO] [stdout] 353 |   fn unwrap<'b>(&mut self, key_name: &str, cek:  &[u8]) -> hyper::HttpResult<String>{
[INFO] [stdout]     |                                                                   ^^^^^^^^^^ not found in `hyper`
[INFO] [stdout] 
[INFO] [stdout] 
[INFO] [stdout] error[E0412]: cannot find type `HttpResult` in crate `hyper`
[INFO] [stdout]    --> src/vault/http/client.rs:357:69
[INFO] [stdout]     |
[INFO] [stdout] 357 |   fn sign<'b>(&mut self, key_name: &str, digest: Vec<u8>) -> hyper::HttpResult<Vec<u8>>{
[INFO] [stdout]     |                                                                     ^^^^^^^^^^ not found in `hyper`
[INFO] [stdout] 
[INFO] [stdout] 
[INFO] [stdout] error[E0412]: cannot find type `HttpResult` in crate `hyper`
[INFO] [stdout]    --> src/vault/http/client.rs:371:91
[INFO] [stdout]     |
[INFO] [stdout] 371 |   fn verify<'b>(&mut self, key_name: &str, digest: Vec<u8>, signiture: Vec<u8>) -> hyper::HttpResult<bool>{
[INFO] [stdout]     |                                                                                           ^^^^^^^^^^ not found in `hyper`
[INFO] [stdout] 
[INFO] [stdout] 
[INFO] [stdout] error[E0412]: cannot find type `HttpResult` in crate `hyper`
[INFO] [stdout]    --> src/vault/http/client.rs:386:93
[INFO] [stdout]     |
[INFO] [stdout] 386 |   fn crypto_operation<T>(&mut self, payload: BTreeMap<&str, String>, url: String) -> hyper::HttpResult<T>
[INFO] [stdout]     |                                                                                             ^^^^^^^^^^ not found in `hyper`
[INFO] [stdout] 
[INFO] [stdout] 
[INFO] [stdout] error[E0412]: cannot find type `Mime` in this scope
[INFO] [stdout]    --> src/vault/http/client.rs:394:26
[INFO] [stdout]     |
[INFO] [stdout] 394 |           let json_mime: Mime = "application/json".parse().unwrap();
[INFO] [stdout]     |                          ^^^^ not found in this scope
[INFO] [stdout] 
[INFO] [stdout] 
[INFO] [stdout] error[E0412]: cannot find type `Mime` in this scope
[INFO] [stdout]    --> src/vault/http/client.rs:402:26
[INFO] [stdout]     |
[INFO] [stdout] 402 |           let json_mime: Mime = "application/json".parse().unwrap();
[INFO] [stdout]     |                          ^^^^ not found in this scope
[INFO] [stdout] 
[INFO] [stdout] 
[INFO] [stdout] error[E0603]: struct `Response` is private
[INFO] [stdout]   --> src/vault/http/client.rs:5:29
[INFO] [stdout]    |
[INFO] [stdout] 5  | use hyper::client::{Client, Response};
[INFO] [stdout]    |                             ^^^^^^^^ private struct
[INFO] [stdout]    |
[INFO] [stdout] note: the struct `Response` is defined here
[INFO] [stdout]   --> /opt/rustwide/cargo-home/registry/src/github.com-1ecc6299db9ec823/hyper-0.13.7/src/client/mod.rs:60:29
[INFO] [stdout]    |
[INFO] [stdout] 60 | use http::{Method, Request, Response, Uri, Version};
[INFO] [stdout]    |                             ^^^^^^^^
[INFO] [stdout] 
[INFO] [stdout] 
[INFO] [stdout] warning: use of deprecated macro `try`: use the `?` operator instead
[INFO] [stdout]   --> src/vault/http/authenticate_header.rs:55:29
[INFO] [stdout]    |
[INFO] [stdout] 55 |             Some(scheme) => try!(write!(fmt, "{} ", scheme)),
[INFO] [stdout]    |                             ^^^
[INFO] [stdout]    |
[INFO] [stdout]    = note: `#[warn(deprecated)]` on by default
[INFO] [stdout] 
[INFO] [stdout] 
[INFO] [stdout] error: aborting due to 49 previous errors; 2 warnings emitted
[INFO] [stdout] 
[INFO] [stdout] 
[INFO] [stdout] Some errors have detailed explanations: E0412, E0425, E0432, E0433, E0603.
[INFO] [stdout] 
[INFO] [stdout] For more information about an error, try `rustc --explain E0412`.
[INFO] [stdout] 
[INFO] [stdout] warning: `...` range patterns are deprecated
[INFO] [stdout]    --> src/vault/http/client.rs:180:15
[INFO] [stdout]     |
[INFO] [stdout] 180 |            100...299 => {
[INFO] [stdout]     |               ^^^ help: use `..=` for an inclusive range
[INFO] [stdout]     |
[INFO] [stdout]     = note: `#[warn(ellipsis_inclusive_range_patterns)]` on by default
[INFO] [stdout] 
[INFO] [stdout] 
[INFO] [stderr] error: could not compile `vault`.
[INFO] [stdout] error: aborting due to 49 previous errors; 2 warnings emitted
[INFO] [stdout] 
[INFO] [stdout] 
[INFO] [stderr] 
[INFO] [stdout] Some errors have detailed explanations: E0412, E0425, E0432, E0433, E0603.
[INFO] [stdout] 
[INFO] [stderr] To learn more, run the command again with --verbose.
[INFO] [stdout] For more information about an error, try `rustc --explain E0412`.
[INFO] [stdout] 
[INFO] [stderr] warning: build failed, waiting for other jobs to finish...
[INFO] [stderr] error: build failed
[INFO] running `Command { std: "docker" "inspect" "1ad69dc324aad668122adb4ffcfb05b83027b3fd53c8b82fffdd052f0827b2fb", kill_on_drop: false }`
[INFO] running `Command { std: "docker" "rm" "-f" "1ad69dc324aad668122adb4ffcfb05b83027b3fd53c8b82fffdd052f0827b2fb", kill_on_drop: false }`
[INFO] [stdout] 1ad69dc324aad668122adb4ffcfb05b83027b3fd53c8b82fffdd052f0827b2fb
